{"id":44,"date":"2014-02-27T22:27:47","date_gmt":"2014-02-27T21:27:47","guid":{"rendered":"http:\/\/cjgl.wordpress-hebergement.fr\/?page_id=44"},"modified":"2025-11-02T17:07:12","modified_gmt":"2025-11-02T16:07:12","slug":"presentation","status":"publish","type":"page","link":"https:\/\/amgrezieu.fr\/?page_id=44","title":{"rendered":"Pr\u00e9sentation de l&rsquo;AMG"},"content":{"rendered":"<blockquote><p><strong>L&rsquo;A.M.G. ? C&rsquo;est :<\/strong><\/p>\n<ul>\n<li>&#8211; L&rsquo;enseignement de la musique, solf\u00e8ge et instruments, pour les enfants et les adultes<\/li>\n<li>&#8211; L&rsquo;organisation d&rsquo;<strong>Ateliers d&rsquo;ensembles<\/strong>,<br \/>\n&#8211; La pratique collective du chant et de l&rsquo;instrument au sein de l&rsquo;Ensemble Instrumental et Vocal <strong>\u00ab\u00a0A Travers Chants\u00a0\u00bb<\/strong>,<br \/>\n&#8211; L&rsquo;organisation de <strong>Concerts<\/strong><br \/>\n&#8211; Des <strong>b\u00e9n\u00e9voles<\/strong> passionn\u00e9s qui mettent \u00e0 votre service leurs comp\u00e9tences musicales<br \/>\n&#8211; Une <strong>ambiance<\/strong> chaleureuse et conviviale&#8230;<\/li>\n<\/ul>\n<p><span style=\"color: #993300;\"><strong>Et encore tellement d&rsquo;autres choses \u00e0 partager avec vous !<\/strong><\/span><\/p><\/blockquote>\n<p>&nbsp;<\/p>\n<p>&nbsp;<\/p>\n<p>&nbsp;<\/p>\n<p><span style=\"color: #ffffff;\">.<\/span><\/p>\n<p>&nbsp;<\/p>\n<p>&nbsp;<\/p>\n<p>&nbsp;<\/p>\n<p>&nbsp;<\/p>\n","protected":false},"excerpt":{"rendered":"<p>L&rsquo;A.M.G. ? C&rsquo;est : &#8211; L&rsquo;enseignement de la musique, solf\u00e8ge et instruments, pour les enfants et les adultes &#8211; L&rsquo;organisation d&rsquo;Ateliers d&rsquo;ensembles, &#8211; La pratique collective du chant et de &hellip; <\/p>\n<p class=\"link-more\"><a href=\"https:\/\/amgrezieu.fr\/?page_id=44\" class=\"more-link\">Continuer la lecture<span class=\"screen-reader-text\"> de &laquo;&nbsp;Pr\u00e9sentation de l&rsquo;AMG&nbsp;&raquo;<\/span><\/a><\/p>\n","protected":false},"author":1,"featured_media":0,"parent":41,"menu_order":1,"comment_status":"closed","ping_status":"closed","template":"","meta":{"_price":"","_stock":"","_tribe_ticket_header":"","_tribe_default_ticket_provider":"","_tribe_ticket_capacity":"0","_ticket_start_date":"","_ticket_end_date":"","_tribe_ticket_show_description":"","_tribe_ticket_show_not_going":false,"_tribe_ticket_use_global_stock":"","_tribe_ticket_global_stock_level":"","_global_stock_mode":"","_global_stock_cap":"","_tribe_rsvp_for_event":"","_tribe_ticket_going_count":"","_tribe_ticket_not_going_count":"","_tribe_tickets_list":"[]","_tribe_ticket_has_attendee_info_fields":false,"footnotes":"","_tec_slr_enabled":"","_tec_slr_layout":""},"class_list":["post-44","page","type-page","status-publish","hentry"],"ticketed":false,"_links":{"self":[{"href":"https:\/\/amgrezieu.fr\/index.php?rest_route=\/wp\/v2\/pages\/44","targetHints":{"allow":["GET"]}}],"collection":[{"href":"https:\/\/amgrezieu.fr\/index.php?rest_route=\/wp\/v2\/pages"}],"about":[{"href":"https:\/\/amgrezieu.fr\/index.php?rest_route=\/wp\/v2\/types\/page"}],"author":[{"embeddable":true,"href":"https:\/\/amgrezieu.fr\/index.php?rest_route=\/wp\/v2\/users\/1"}],"replies":[{"embeddable":true,"href":"https:\/\/amgrezieu.fr\/index.php?rest_route=%2Fwp%2Fv2%2Fcomments&post=44"}],"version-history":[{"count":6,"href":"https:\/\/amgrezieu.fr\/index.php?rest_route=\/wp\/v2\/pages\/44\/revisions"}],"predecessor-version":[{"id":9009,"href":"https:\/\/amgrezieu.fr\/index.php?rest_route=\/wp\/v2\/pages\/44\/revisions\/9009"}],"up":[{"embeddable":true,"href":"https:\/\/amgrezieu.fr\/index.php?rest_route=\/wp\/v2\/pages\/41"}],"wp:attachment":[{"href":"https:\/\/amgrezieu.fr\/index.php?rest_route=%2Fwp%2Fv2%2Fmedia&parent=44"}],"curies":[{"name":"wp","href":"https:\/\/api.w.org\/{rel}","templated":true}]}}