{"id":5254,"date":"2020-08-23T21:32:34","date_gmt":"2020-08-23T19:32:34","guid":{"rendered":"http:\/\/amgrezieu.fr\/?page_id=5254"},"modified":"2021-04-21T18:20:04","modified_gmt":"2021-04-21T16:20:04","slug":"lamg-et-le-covid","status":"publish","type":"page","link":"https:\/\/amgrezieu.fr\/?page_id=5254","title":{"rendered":"L&rsquo;AMG et le COVID"},"content":{"rendered":"<p><strong>La situation d\u00e9but avril 2021<\/strong><\/p>\n<p>Chers adh\u00e9rents et chers parents,<\/p>\n<p>Suite au D\u00e9cret n\u00b02021-384 paru le 2 avril 2021, nous vous confirmons la <strong>suspension des cours en pr\u00e9sentiel<\/strong> qui restaient ouverts jusqu\u2019\u00e0 pr\u00e9sent aux seuls adh\u00e9rents mineurs.<\/p>\n<p>Cette mesure est mise en place<strong> jusqu\u2019au 25 avril minimum<\/strong>. Nous reviendrons vers vous \u00e0 ce moment l\u00e0 pour faire le point, selon l\u2019\u00e9volution des mesures sanitaires qui seront annonc\u00e9es dans les 2 semaines \u00e0 venir.<\/p>\n<p>Nous allons bien s\u00fbr poursuivre autant que possible nos activit\u00e9s via les<strong> cours\u00a0 en visio-conf\u00e9rence<\/strong>, et vous invitons \u00e0 vous rapprocher de vos professeurs respectifs.<\/p>\n<p><strong><u>Cours en visio-conf\u00e9rence maintenus\u00a0:<\/u><\/strong><\/p>\n<p><strong><u>Batterie<\/u><\/strong>\u00a0:\u00a0 \u00a0 \u00a0 \u00a0 \u00a0 \u00a0\u00a0 Philippe Sliwa<\/p>\n<p><strong><u>Chorale\u00a0<\/u><\/strong>:\u00a0 \u00a0 \u00a0 \u00a0 \u00a0 \u00a0\u00a0 Emeline Martinez<\/p>\n<p><strong><u>Piano\u00a0<\/u><\/strong>:\u00a0 \u00a0 \u00a0 \u00a0 \u00a0 \u00a0 \u00a0\u00a0\u00a0 Jacques Coueffe<\/p>\n<p><strong><u>Synth\u00e9, piano<\/u><\/strong>\u00a0: C\u00e9dric Perret<\/p>\n<p><strong><u>Violon\u00a0<\/u><\/strong>:\u00a0 \u00a0 \u00a0 \u00a0 \u00a0 \u00a0 \u00a0 Marine Margain<\/p>\n<p>Si vous souhaitez des renseignements compl\u00e9mentaires \u00e0 ce courrier d\u2019information, vous pouvez nous joindre\u00a0 \u00e0 tout moment au\u00a0 06-50-10-96-01 , ou par mail\u00a0: <a href=\"mailto:amgrezieu@orange.fr\">amgrezieu@orange.fr<\/a><\/p>\n<p>Prenez bien soin de vous en attendant afin que la r\u00e9ouverture de notre \u00e9cole de musique nous r\u00e9unisse tous tr\u00e8s bient\u00f4t.<\/p>\n<p>Bien musicalement \u00e0 tous,<\/p>\n<p>Fran\u00e7oise Gibert; <strong><em>Pr\u00e9sidente AMG<\/em><\/strong><\/p>\n<hr \/>\n<h3>Les documents qui avaient \u00e9t\u00e9 mis en ligne en d\u00e9but d&rsquo;ann\u00e9e scolaire :<\/h3>\n<p><a href=\"http:\/\/amgrezieu.fr\/wp-content\/uploads\/2020\/10\/PROTOCOLE-SANITAIRE-AMG-SEPTEMBRE-2020.pdf\"><strong>t\u00e9l\u00e9charger le Protocol Sanitaire concernant l&rsquo;AMG accept\u00e9 et sign\u00e9 par la mairie de Gr\u00e9zieu-la-Varenne<\/strong><\/a><\/p>\n<p><a href=\"http:\/\/amgrezieu.fr\/wp-content\/uploads\/2020\/10\/20200925_AP_Departement_et_Metropole-2.pdf\"><strong>t\u00e9l\u00e9charger l&rsquo;arr\u00eat\u00e9 pr\u00e9fectoral (Rh\u00f4ne) du 25 septembre 2020<\/strong><\/a><\/p>\n<p><strong><a href=\"http:\/\/amgrezieu.fr\/wp-content\/uploads\/2020\/08\/DECRET-DU-31-MAI-2020-Reprise-des-cours-et-des-re\u0301pe\u0301titions-SALLES-CLASSEES-Lsalles-de-re\u0301unions.docx\">t\u00e9l\u00e9charger le texte du DECRET DU 31 MAI 2020 : Reprise des cours et des re\u0301pe\u0301titions &#8211; SALLES CLASSEES L (salles de re\u0301unions)<\/a><\/strong><\/p>\n<p>&nbsp;<\/p>\n<p><img loading=\"lazy\" decoding=\"async\" class=\"wp-image-5258 size-full aligncenter\" src=\"http:\/\/amgrezieu.fr\/wp-content\/uploads\/2020\/08\/sifr_op20pa_1_std.lang_.all_.jpg\" alt=\"\" width=\"446\" height=\"600\" srcset=\"https:\/\/amgrezieu.fr\/wp-content\/uploads\/2020\/08\/sifr_op20pa_1_std.lang_.all_.jpg 446w, https:\/\/amgrezieu.fr\/wp-content\/uploads\/2020\/08\/sifr_op20pa_1_std.lang_.all_-223x300.jpg 223w\" sizes=\"auto, (max-width: 446px) 100vw, 446px\" \/><\/p>\n<p>&nbsp;<\/p>\n<p>&nbsp;<\/p>\n<p>&nbsp;<\/p>\n<p><img loading=\"lazy\" decoding=\"async\" class=\"aligncenter wp-image-5261 size-large\" src=\"http:\/\/amgrezieu.fr\/wp-content\/uploads\/2020\/08\/affiche_coronavirus_masque_obligatoire_a4_fr-724x1024.jpg\" alt=\"\" width=\"525\" height=\"743\" srcset=\"https:\/\/amgrezieu.fr\/wp-content\/uploads\/2020\/08\/affiche_coronavirus_masque_obligatoire_a4_fr-724x1024.jpg 724w, https:\/\/amgrezieu.fr\/wp-content\/uploads\/2020\/08\/affiche_coronavirus_masque_obligatoire_a4_fr-212x300.jpg 212w, https:\/\/amgrezieu.fr\/wp-content\/uploads\/2020\/08\/affiche_coronavirus_masque_obligatoire_a4_fr-768x1086.jpg 768w, https:\/\/amgrezieu.fr\/wp-content\/uploads\/2020\/08\/affiche_coronavirus_masque_obligatoire_a4_fr.jpg 1190w\" sizes=\"auto, (max-width: 525px) 100vw, 525px\" \/><\/p>\n<figure id=\"attachment_5262\" aria-describedby=\"caption-attachment-5262\" style=\"width: 525px\" class=\"wp-caption aligncenter\"><img loading=\"lazy\" decoding=\"async\" class=\"wp-image-5262 size-large\" src=\"http:\/\/amgrezieu.fr\/wp-content\/uploads\/2020\/08\/affiche_-_gestes_barrieres-724x1024.jpg\" alt=\"\" width=\"525\" height=\"743\" srcset=\"https:\/\/amgrezieu.fr\/wp-content\/uploads\/2020\/08\/affiche_-_gestes_barrieres-724x1024.jpg 724w, https:\/\/amgrezieu.fr\/wp-content\/uploads\/2020\/08\/affiche_-_gestes_barrieres-212x300.jpg 212w, https:\/\/amgrezieu.fr\/wp-content\/uploads\/2020\/08\/affiche_-_gestes_barrieres-768x1086.jpg 768w, https:\/\/amgrezieu.fr\/wp-content\/uploads\/2020\/08\/affiche_-_gestes_barrieres.jpg 1190w\" sizes=\"auto, (max-width: 525px) 100vw, 525px\" \/><figcaption id=\"caption-attachment-5262\" class=\"wp-caption-text\">L&rsquo;affiche illustre les gestes \u00e0 adopter pour se prot\u00e9ger du coronavirus.<\/figcaption><\/figure>\n","protected":false},"excerpt":{"rendered":"<p>La situation d\u00e9but avril 2021 Chers adh\u00e9rents et chers parents, Suite au D\u00e9cret n\u00b02021-384 paru le 2 avril 2021, nous vous confirmons la suspension des cours en pr\u00e9sentiel qui restaient &hellip; <\/p>\n<p class=\"link-more\"><a href=\"https:\/\/amgrezieu.fr\/?page_id=5254\" class=\"more-link\">Continuer la lecture<span class=\"screen-reader-text\"> de &laquo;&nbsp;L&rsquo;AMG et le COVID&nbsp;&raquo;<\/span><\/a><\/p>\n","protected":false},"author":1,"featured_media":0,"parent":0,"menu_order":0,"comment_status":"closed","ping_status":"closed","template":"","meta":{"_price":"","_stock":"","_tribe_ticket_header":"","_tribe_default_ticket_provider":"","_tribe_ticket_capacity":"0","_ticket_start_date":"","_ticket_end_date":"","_tribe_ticket_show_description":"","_tribe_ticket_show_not_going":false,"_tribe_ticket_use_global_stock":"","_tribe_ticket_global_stock_level":"","_global_stock_mode":"","_global_stock_cap":"","_tribe_rsvp_for_event":"","_tribe_ticket_going_count":"","_tribe_ticket_not_going_count":"","_tribe_tickets_list":"[]","_tribe_ticket_has_attendee_info_fields":false,"footnotes":"","_tec_slr_enabled":"","_tec_slr_layout":""},"class_list":["post-5254","page","type-page","status-publish","hentry"],"ticketed":false,"_links":{"self":[{"href":"https:\/\/amgrezieu.fr\/index.php?rest_route=\/wp\/v2\/pages\/5254","targetHints":{"allow":["GET"]}}],"collection":[{"href":"https:\/\/amgrezieu.fr\/index.php?rest_route=\/wp\/v2\/pages"}],"about":[{"href":"https:\/\/amgrezieu.fr\/index.php?rest_route=\/wp\/v2\/types\/page"}],"author":[{"embeddable":true,"href":"https:\/\/amgrezieu.fr\/index.php?rest_route=\/wp\/v2\/users\/1"}],"replies":[{"embeddable":true,"href":"https:\/\/amgrezieu.fr\/index.php?rest_route=%2Fwp%2Fv2%2Fcomments&post=5254"}],"version-history":[{"count":16,"href":"https:\/\/amgrezieu.fr\/index.php?rest_route=\/wp\/v2\/pages\/5254\/revisions"}],"predecessor-version":[{"id":5762,"href":"https:\/\/amgrezieu.fr\/index.php?rest_route=\/wp\/v2\/pages\/5254\/revisions\/5762"}],"wp:attachment":[{"href":"https:\/\/amgrezieu.fr\/index.php?rest_route=%2Fwp%2Fv2%2Fmedia&parent=5254"}],"curies":[{"name":"wp","href":"https:\/\/api.w.org\/{rel}","templated":true}]}}