{"id":7963,"date":"2024-04-25T17:39:35","date_gmt":"2024-04-25T15:39:35","guid":{"rendered":"https:\/\/amgrezieu.fr\/?page_id=7963"},"modified":"2024-12-22T16:36:58","modified_gmt":"2024-12-22T15:36:58","slug":"les-infos-de-lamg","status":"publish","type":"page","link":"https:\/\/amgrezieu.fr\/?page_id=7963","title":{"rendered":"LES INFOS DE L&rsquo;AMG"},"content":{"rendered":"\n<h1 class=\"wp-block-heading\">\u00a0 \u00a0 \u00a0Un nouveau Conseil d&rsquo;Administration a \u00e9t\u00e9 \u00e9lu lors de l&rsquo;Assembl\u00e9e G\u00e9n\u00e9rale du 16\/11\/2024. Les nouveaux \u00e9lus :<\/h1>\n\n\n\n<p class=\"has-text-align-center\"><strong>Eliane BERTIN<\/strong> &#8211; <strong>Didier GAUGUET &#8211; <strong>Nathalie ACHAINTRE<\/strong><\/strong> &#8211; <strong>Richard GELEY- <strong>\u00a0Philippe BAILLY<\/strong> &#8211;\u00a0Fran\u00e7oise GIBERT &#8211; <\/strong>&#8211; <strong>Bernard CROST <\/strong><\/p>\n\n\n\n<p>\u00a0<\/p>\n\n\n\n<figure class=\"wp-block-image size-full\"><a href=\"https:\/\/amgrezieu.fr\/wp-content\/uploads\/2024\/12\/CA-16-11-2024.jpg\"><img decoding=\"async\" src=\"https:\/\/amgrezieu.fr\/wp-content\/uploads\/2024\/12\/CA-16-11-2024.jpg\" alt=\"\" class=\"wp-image-8525\"\/><\/a><\/figure>\n\n\n\n<p>&nbsp;<\/p>\n\n\n\n<p>&nbsp;<\/p>\n\n\n\n<p>&nbsp;<\/p>\n\n\n\n<p>&nbsp;<\/p>\n\n\n\n<p>&nbsp;<\/p>\n\n\n\n<p>&nbsp;<\/p>\n\n\n\n<p>Et pr\u00e9c\u00e9demment :<\/p>\n\n\n\n<p>&nbsp;<\/p>\n\n\n\n<p><strong><span style=\"color: #99cc00;\">Notre o<\/span><span style=\"color: #99cc00;\">ffre musicale s\u2019\u00e9toffera d\u00e8s la rentr\u00e9e de Septembre avec 3 nouveaux ateliers&nbsp; !<\/span><\/strong><\/p>\n\n\n\n<h1 class=\"wp-block-heading\"><figure><img decoding=\"async\" class=\"wp-image-8157 aligncenter\" src=\"https:\/\/amgrezieu.fr\/wp-content\/uploads\/2024\/06\/drum-151600_1280.png\" alt=\"\" width=\"46\" height=\"78\" srcset=\"https:\/\/amgrezieu.fr\/wp-content\/uploads\/2024\/06\/drum-151600_1280.png 754w, https:\/\/amgrezieu.fr\/wp-content\/uploads\/2024\/06\/drum-151600_1280-177x300.png 177w, https:\/\/amgrezieu.fr\/wp-content\/uploads\/2024\/06\/drum-151600_1280-603x1024.png 603w\" sizes=\"(max-width: 46px) 100vw, 46px\" \/><\/figure><span style=\"text-decoration: underline; color: #ff6600;\"><strong>1\/Un atelier cours de groupe Djemb\u00e9 :<\/strong><\/span><\/h1>\n\n\n\n<p class=\"has-text-align-center\"><span style=\"color: #ff6600;\"><strong>Notre professeur de batterie PHILIPPE BERTHOU, proposera un atelier collectif de \u00ab DJEMBE \u00bb tous les vendredis soir d\u00e8s la rentr\u00e9e de septembre. Pendant 1 heure chaque semaine,<\/strong><\/span><span style=\"color: #ff6600;\"><strong> le cours accueillera un minimum de 3 participants \/ atelier<\/strong><\/span><\/p>\n\n\n\n<p class=\"has-text-align-center\"><span style=\"color: #ff6600;\"><strong>Une d\u00e9couverte du Djemb\u00e9 et de la Batterie sera propos\u00e9e le samedi 7 Septembre de 9h \u00e0 12h en parall\u00e8le du Forum, pour d\u00e9couvrir les diff\u00e9rentes frappes et comprendre le sens du rythme&nbsp;!<\/strong><\/span><\/p>\n\n\n\n<h1 class=\"wp-block-heading\"><span style=\"text-decoration: underline;\"><span style=\"color: #0000ff; text-decoration: underline;\"><strong><figure><img decoding=\"async\" class=\"wp-image-8158 aligncenter\" src=\"https:\/\/amgrezieu.fr\/wp-content\/uploads\/2024\/06\/8840032-removebg-preview.png\" alt=\"\" width=\"90\" height=\"90\" srcset=\"https:\/\/amgrezieu.fr\/wp-content\/uploads\/2024\/06\/8840032-removebg-preview.png 500w, https:\/\/amgrezieu.fr\/wp-content\/uploads\/2024\/06\/8840032-removebg-preview-300x300.png 300w, https:\/\/amgrezieu.fr\/wp-content\/uploads\/2024\/06\/8840032-removebg-preview-150x150.png 150w, https:\/\/amgrezieu.fr\/wp-content\/uploads\/2024\/06\/8840032-removebg-preview-100x100.png 100w\" sizes=\"(max-width: 90px) 100vw, 90px\" \/><\/figure><\/strong><\/span><\/span><span style=\"text-decoration: underline;\"><span style=\"color: #0000ff; text-decoration: underline;\"><strong>2\/Un Atelier cours de groupe Violon :<\/strong><\/span><\/span><\/h1>\n\n\n\n<p class=\"has-text-align-center\"><span style=\"color: #0000ff;\"><strong>Notre professeur de violon, GA\u00cbLLE CASTOR, propose de r\u00e9unir les \u00e9l\u00e8ves de \u00ab violon \u00bb tous les lundis ou jeudis soir (hors vacances scolaires),&nbsp; afin de cr\u00e9er un groupe musical. Pendant 45 mn chaque semaine, le cours accueillera un minimum de 3 participants \/ atelier<\/strong><\/span><\/p>\n\n\n\n<h1 class=\"wp-block-heading\"><span style=\"text-decoration: underline;\"><figure><img decoding=\"async\" class=\"wp-image-8159 aligncenter\" src=\"https:\/\/amgrezieu.fr\/wp-content\/uploads\/2024\/06\/band-1595310.png\" alt=\"\" width=\"145\" height=\"84\" srcset=\"https:\/\/amgrezieu.fr\/wp-content\/uploads\/2024\/06\/band-1595310.png 3038w, https:\/\/amgrezieu.fr\/wp-content\/uploads\/2024\/06\/band-1595310-300x174.png 300w, https:\/\/amgrezieu.fr\/wp-content\/uploads\/2024\/06\/band-1595310-1024x593.png 1024w, https:\/\/amgrezieu.fr\/wp-content\/uploads\/2024\/06\/band-1595310-768x445.png 768w, https:\/\/amgrezieu.fr\/wp-content\/uploads\/2024\/06\/band-1595310-1536x889.png 1536w, https:\/\/amgrezieu.fr\/wp-content\/uploads\/2024\/06\/band-1595310-2048x1186.png 2048w\" sizes=\"(max-width: 145px) 100vw, 145px\" \/><\/figure><span style=\"color: #993300; text-decoration: underline;\"><strong>3\/ Un Atelier cours de Groupe style Funk, pop, rock m\u00e9tal <\/strong><\/span><strong style=\"color: #993300; font-size: 1rem; text-decoration: underline;\">:<\/strong><\/span><\/h1>\n\n\n\n<p class=\"has-text-align-center\"><span style=\"color: #993300;\"><strong>Notre professeur REMI THONNERIEUX, propose de&nbsp; r\u00e9unir des \u00e9l\u00e8ves souhaitant int\u00e9grer un groupe de musiques actuelles. Il a besoin d\u2019un batteur, clavier, basse, guitare et chant .<\/strong><\/span><\/p>\n\n\n\n<p class=\"has-text-align-center\"><span style=\"color: #993300;\"><strong>&nbsp; &nbsp; &nbsp; &nbsp; &nbsp; &nbsp; &nbsp; &nbsp; &nbsp; &nbsp; &nbsp; &nbsp; &nbsp;L\u2019atelier aura lieu un samedi sur deux pendant 1 heure,&nbsp; &nbsp; &nbsp; &nbsp; &nbsp; &nbsp; &nbsp; &nbsp; &nbsp; &nbsp; &nbsp; &nbsp; &nbsp; &nbsp; &nbsp; &nbsp; &nbsp; &nbsp; &nbsp; &nbsp; &nbsp; hors vacances scolaires.<\/strong><\/span><\/p>\n\n\n\n<p>&nbsp;<\/p>\n\n\n\n<p class=\"has-text-align-center\"><span style=\"color: #0000ff;\">Pour toute information compl\u00e9mentaire, n\u2019h\u00e9sitez pas \u00e0 joindre l\u2019association <a style=\"color: #0000ff;\" href=\"mailto:amg.grezieu@gmail.com\">amg.grezieu@gmail.com<\/a> \u2013 07.63.59.50.31<\/span><\/p>\n\n\n\n<p>_____________________________________________________________________<\/p>\n\n\n\n<p><span style=\"color: #ff6600;\"><strong>Et pr\u00e9c\u00e9demment &#8230;.<\/strong><\/span><\/p>\n\n\n\n<ul class=\"wp-block-list\">\n<li>L&rsquo;atelier de violon a \u00e9t\u00e9 invit\u00e9 par la mairie \u00e0 participer \u00e0 l&rsquo;ouverture des terrasses de Grezieu du24 Mai ! Ga\u00eblle et ses \u00e9l\u00e8ves ont r\u00e9pndu \u00ab\u00a0pr\u00e9sent\u00a0\u00bb et ont d\u00e9ambul\u00e9 musicalement parmi les clients avec leurs instruments.<\/li>\n<\/ul>\n\n\n\n<p><strong>* <\/strong><span style=\"text-decoration: underline;\">Une classe de Djembe<\/span> devrait ouvrir en septembre. Nous proposerons une d\u00e9couverte de l\u2019instrument&nbsp; en parall\u00e8le du forum pr\u00e9vu le samedi 7 Septembre prochain. La d\u00e9monstration aura lieu dans nos locaux, avec \u00e9galement la possibilit\u00e9 de d\u00e9couvrir la batterie. L&rsquo;enseignement du&nbsp; Djembe se fera sous forme d&rsquo;atelier compos\u00e9s chacun de 3 \u00e0 4 \u00e9l\u00e8ves.<\/p>\n\n\n\n<p><strong>* <\/strong>Dans le m\u00eame temps, la <span style=\"text-decoration: underline;\">chorale A Travers Chants<\/span> met en place son nouveau projet musical. Celui-ci sera pr\u00e9sent\u00e9 au festival Interval de Vaugneray \u00e0 l\u2019automne 2025. Forte de ses 32 choristes et de ses six musiciens, la chorale accueille avec plaisir tout nouveau choriste, d\u00e9butant ou pratiquant. Le r\u00e9pertoire est essentiellement fait de vari\u00e9t\u00e9 fran\u00e7aise avec quelques chansons anglaises pour le challenge !<\/p>\n\n\n\n<ul class=\"wp-block-list\">\n<li><strong>Les nouveaux documents d&rsquo;inscription sont disponibles sur le site ! Rendez-vous dans l&rsquo;onglet\u00a0<a href=\"https:\/\/amgrezieu.fr\/?page_id=6376\" target=\"_blank\" rel=\"noopener\">\u00ab\u00a0Inscriptions 2024-2025\u00a0\u00bb<\/a><\/strong><\/li>\n<\/ul>\n\n\n\n<p><strong><span style=\"color: #ff9900;\">Renseignements : 07.63.59.50.31 \u2013 amg.grezieu@gmail.com<\/span><\/strong><\/p>\n\n\n<div class=\"wp-block-image\">\n<figure class=\"aligncenter\"><img loading=\"lazy\" decoding=\"async\" width=\"300\" height=\"300\" src=\"https:\/\/amgrezieu.fr\/wp-content\/uploads\/2024\/04\/illustration-concept-groupe-rock_114360-2892-300x300.jpg\" alt=\"\" class=\"wp-image-7971\" srcset=\"https:\/\/amgrezieu.fr\/wp-content\/uploads\/2024\/04\/illustration-concept-groupe-rock_114360-2892-300x300.jpg 300w, https:\/\/amgrezieu.fr\/wp-content\/uploads\/2024\/04\/illustration-concept-groupe-rock_114360-2892-150x150.jpg 150w, https:\/\/amgrezieu.fr\/wp-content\/uploads\/2024\/04\/illustration-concept-groupe-rock_114360-2892-100x100.jpg 100w, https:\/\/amgrezieu.fr\/wp-content\/uploads\/2024\/04\/illustration-concept-groupe-rock_114360-2892.jpg 740w\" sizes=\"(max-width: 300px) 100vw, 300px\" \/><\/figure>\n<\/div>\n\n\n<figure class=\"wp-block-image size-full\"><a href=\"https:\/\/amgrezieu.fr\/wp-content\/uploads\/2024\/12\/CA-16-11-2024.jpg\"><img decoding=\"async\" src=\"https:\/\/amgrezieu.fr\/wp-content\/uploads\/2024\/12\/CA-16-11-2024.jpg\" alt=\"\" class=\"wp-image-8525\"\/><\/a><\/figure>\n\n\n\n<p><\/p>\n","protected":false},"excerpt":{"rendered":"<p>\u00a0 \u00a0 \u00a0Un nouveau Conseil d&rsquo;Administration a \u00e9t\u00e9 \u00e9lu lors de l&rsquo;Assembl\u00e9e G\u00e9n\u00e9rale du 16\/11\/2024. Les nouveaux \u00e9lus : Eliane BERTIN &#8211; Didier GAUGUET &#8211; Nathalie ACHAINTRE &#8211; Richard GELEY- &hellip; <\/p>\n<p class=\"link-more\"><a href=\"https:\/\/amgrezieu.fr\/?page_id=7963\" class=\"more-link\">Continuer la lecture<span class=\"screen-reader-text\"> de &laquo;&nbsp;LES INFOS DE L&rsquo;AMG&nbsp;&raquo;<\/span><\/a><\/p>\n","protected":false},"author":1,"featured_media":0,"parent":0,"menu_order":0,"comment_status":"closed","ping_status":"closed","template":"","meta":{"_price":"","_stock":"","_tribe_ticket_header":"","_tribe_default_ticket_provider":"","_tribe_ticket_capacity":"0","_ticket_start_date":"","_ticket_end_date":"","_tribe_ticket_show_description":"","_tribe_ticket_show_not_going":false,"_tribe_ticket_use_global_stock":"","_tribe_ticket_global_stock_level":"","_global_stock_mode":"","_global_stock_cap":"","_tribe_rsvp_for_event":"","_tribe_ticket_going_count":"","_tribe_ticket_not_going_count":"","_tribe_tickets_list":"[]","_tribe_ticket_has_attendee_info_fields":false,"footnotes":"","_tec_slr_enabled":"","_tec_slr_layout":""},"class_list":["post-7963","page","type-page","status-publish","hentry"],"ticketed":false,"_links":{"self":[{"href":"https:\/\/amgrezieu.fr\/index.php?rest_route=\/wp\/v2\/pages\/7963","targetHints":{"allow":["GET"]}}],"collection":[{"href":"https:\/\/amgrezieu.fr\/index.php?rest_route=\/wp\/v2\/pages"}],"about":[{"href":"https:\/\/amgrezieu.fr\/index.php?rest_route=\/wp\/v2\/types\/page"}],"author":[{"embeddable":true,"href":"https:\/\/amgrezieu.fr\/index.php?rest_route=\/wp\/v2\/users\/1"}],"replies":[{"embeddable":true,"href":"https:\/\/amgrezieu.fr\/index.php?rest_route=%2Fwp%2Fv2%2Fcomments&post=7963"}],"version-history":[{"count":17,"href":"https:\/\/amgrezieu.fr\/index.php?rest_route=\/wp\/v2\/pages\/7963\/revisions"}],"predecessor-version":[{"id":8527,"href":"https:\/\/amgrezieu.fr\/index.php?rest_route=\/wp\/v2\/pages\/7963\/revisions\/8527"}],"wp:attachment":[{"href":"https:\/\/amgrezieu.fr\/index.php?rest_route=%2Fwp%2Fv2%2Fmedia&parent=7963"}],"curies":[{"name":"wp","href":"https:\/\/api.w.org\/{rel}","templated":true}]}}