{"id":901,"date":"2014-09-02T10:47:39","date_gmt":"2014-09-02T08:47:39","guid":{"rendered":"http:\/\/amgrezieu.fr\/?page_id=901"},"modified":"2024-07-18T19:10:48","modified_gmt":"2024-07-18T17:10:48","slug":"initiation-musicale","status":"publish","type":"page","link":"https:\/\/amgrezieu.fr\/?page_id=901","title":{"rendered":"Eveil et Formation Musicale"},"content":{"rendered":"<p style=\"text-align: left;\"><img decoding=\"async\" class=\"alignleft wp-image-7205 size-thumbnail\" src=\"https:\/\/amgrezieu.fr\/wp-content\/uploads\/2023\/03\/WhatsApp-Image-2023-03-10-at-13.35.11-9-150x150.jpeg\" alt=\"\" width=\"150\" height=\"150\" srcset=\"https:\/\/amgrezieu.fr\/wp-content\/uploads\/2023\/03\/WhatsApp-Image-2023-03-10-at-13.35.11-9-150x150.jpeg 150w, https:\/\/amgrezieu.fr\/wp-content\/uploads\/2023\/03\/WhatsApp-Image-2023-03-10-at-13.35.11-9-100x100.jpeg 100w\" sizes=\"(max-width: 150px) 100vw, 150px\" \/><img decoding=\"async\" class=\"wp-image-7354 size-thumbnail alignleft\" src=\"https:\/\/amgrezieu.fr\/wp-content\/uploads\/2023\/06\/IMG_20230524_133800-1-150x150.jpg\" alt=\"\" width=\"150\" height=\"150\" srcset=\"https:\/\/amgrezieu.fr\/wp-content\/uploads\/2023\/06\/IMG_20230524_133800-1-150x150.jpg 150w, https:\/\/amgrezieu.fr\/wp-content\/uploads\/2023\/06\/IMG_20230524_133800-1-100x100.jpg 100w\" sizes=\"(max-width: 150px) 100vw, 150px\" \/><\/p>\n<p style=\"text-align: left;\"><em><strong>Les Ateliers de Dominique :<\/strong><\/em><\/p>\n<p><span style=\"color: #ff6600;\">&#8211;<strong>L\u2019 EVEIL MUSICAL <\/strong><\/span>et ses 2 niveaux d\u2019enseignement, pour d\u00e9couvrir la musique au travers de jeux musicaux et d&rsquo;une pratique active, o\u00f9 tout le corps est impliqu\u00e9. Avec aussi la d\u00e9couverte des instruments, le d\u00e9veloppement de l\u2019oreille, de la sensibilit\u00e9 musicale et de la voix.<\/p>\n<p>Pour cela, Dominique vous propose donc deux ateliers le mercredi matin :<\/p>\n<p style=\"text-align: left;\"><span style=\"color: #ff6600;\"><strong>L\u2019 Atelier \u00ab Petites graines \u00bb de 4 \u00e0 5 ans (10h00 \u00e0 10h45) <\/strong><\/span><\/p>\n<p style=\"text-align: left;\"><span style=\"color: #ff6600;\"><strong>L&rsquo; <\/strong><strong>Atelier \u00ab Jeunes pousses \u00bb de 6 \u00e0 7 ans ( 11h00\u00a0 \u00e0 11h45 )<\/strong><\/span><\/p>\n<p><span style=\"color: #0000ff;\"><strong>-LA FORMATION MUSICALE\u00a0 <\/strong>:<\/span> cet apprentissage est le compagnon de route du cours d\u2019instrument. Initiation \u00e0 la lecture de partition et aux diff\u00e9rents param\u00e8tres musicaux. Travail de la pulsation et de l\u2019oreille. Initiation \u00e0 la pratique musicale collective.<br \/>\nPour cela, <strong>Dominique<\/strong> vous propose de le retrouver le mercredi apr\u00e8s-midi pour <em><strong>suivre son programme de <a href=\"https:\/\/amgrezieu.fr\/wp-content\/uploads\/2024\/07\/Formation-musicale.pdf\">\u00a0Formation musicale<\/a><span style=\"font-family: Times New Roman; font-size: large;\">\u00a0 \u00a0(cliquer sur le lien)<\/span><\/strong><\/em><\/p>\n<p><strong><span style=\"color: #0000ff;\">\u00a0 \u00a0 \u00a0 \u00a0 \u00a0 \u00a0 \u00a0 \u00a0 L\u2019Atelier \u00ab FM\u00bb \u00e0 partir de 7\/8 ans<\/span> : <\/strong><\/p>\n<p><strong>\u00a0 \u00a0 \u00a0 \u00a0 \u00a0 \u00a0 \u00a0 \u00a0 \u00a0 \u00a0 \u00a0 \u00a0 \u00a0 \u00a0 \u00a0 \u00a0 \u00a0 \u00a0 \u00a0 \u00a0 \u00a0 \u00a0 \u00a0 \u00a0 \u00a0 \u00a0 \u00a0 \u00a0 \u00a0 \u00a0 \u00a0 \u00a0 \u00a0 \u00a0 \u00a0 \u00a0 \u00a0 \u00a0 \u00a0 \u00a0 \u00a0 \u00a0 \u00a0 \u00a0 \u00a0 \u00a0 \u00a0 \u00a0 FM 1 :\u00a0 15H30-16H15<\/strong><\/p>\n<p><strong>\u00a0 \u00a0 \u00a0 \u00a0 \u00a0 \u00a0 \u00a0 \u00a0 \u00a0 \u00a0 \u00a0 \u00a0 \u00a0 \u00a0 \u00a0 \u00a0 \u00a0 \u00a0 \u00a0 \u00a0 \u00a0 \u00a0 \u00a0 \u00a0 \u00a0 \u00a0 \u00a0 \u00a0 \u00a0 \u00a0 \u00a0 \u00a0 \u00a0 \u00a0 \u00a0 \u00a0 \u00a0 \u00a0 \u00a0 \u00a0 \u00a0 \u00a0 \u00a0 \u00a0 \u00a0 \u00a0 \u00a0 \u00a0 \u00a0FM 2 : 14H45-15H30<\/strong><\/p>\n<p><strong>\u00a0 \u00a0 \u00a0 \u00a0 \u00a0 \u00a0 \u00a0 \u00a0 \u00a0 \u00a0 \u00a0 \u00a0 \u00a0 \u00a0 \u00a0 \u00a0 \u00a0 \u00a0 \u00a0 \u00a0 \u00a0 \u00a0 \u00a0 \u00a0 \u00a0 \u00a0 \u00a0 \u00a0 \u00a0 \u00a0 \u00a0 \u00a0 \u00a0 \u00a0 \u00a0 \u00a0 \u00a0 \u00a0 \u00a0 \u00a0 \u00a0 \u00a0 \u00a0 \u00a0 \u00a0 \u00a0 \u00a0 \u00a0 \u00a0FM 3 : 14H00-14H45<\/strong><\/p>\n<p><strong>\u00a0 \u00a0 \u00a0 \u00a0 \u00a0 \u00a0 \u00a0 \u00a0 \u00a0 \u00a0 \u00a0 \u00a0 \u00a0 \u00a0 \u00a0 \u00a0 \u00a0 \u00a0 \u00a0 \u00a0 \u00a0 \u00a0 \u00a0 \u00a0 \u00a0 \u00a0 \u00a0 \u00a0 \u00a0 \u00a0 \u00a0 \u00a0 \u00a0 \u00a0 \u00a0 \u00a0 \u00a0 \u00a0 \u00a0 \u00a0 \u00a0 \u00a0 \u00a0 \u00a0 \u00a0 \u00a0 \u00a0 \u00a0 \u00a0FM 4 : 13H15-14H00<\/strong><\/p>\n<p><em><strong>Dominique<\/strong><\/em> poss\u00e8de une longue exp\u00e9rience de l\u2019enseignement de la musique, et notamment aupr\u00e8s des enfants et des adolescents. Il aime leur transmettre sa passion pour la musique, quel que soit leur profil !<\/p>\n<h5 style=\"text-align: center;\"><span style=\"color: #00ff00;\"><strong>S\u00e9ances vari\u00e9es &#8211; ambiance assur\u00e9e !<\/strong><\/span><\/h5>\n","protected":false},"excerpt":{"rendered":"<p>Les Ateliers de Dominique : &#8211;L\u2019 EVEIL MUSICAL et ses 2 niveaux d\u2019enseignement, pour d\u00e9couvrir la musique au travers de jeux musicaux et d&rsquo;une pratique active, o\u00f9 tout le corps &hellip; <\/p>\n<p class=\"link-more\"><a href=\"https:\/\/amgrezieu.fr\/?page_id=901\" class=\"more-link\">Continuer la lecture<span class=\"screen-reader-text\"> de &laquo;&nbsp;Eveil et Formation Musicale&nbsp;&raquo;<\/span><\/a><\/p>\n","protected":false},"author":1,"featured_media":0,"parent":57,"menu_order":0,"comment_status":"closed","ping_status":"closed","template":"","meta":{"_price":"","_stock":"","_tribe_ticket_header":"","_tribe_default_ticket_provider":"","_tribe_ticket_capacity":"0","_ticket_start_date":"","_ticket_end_date":"","_tribe_ticket_show_description":"","_tribe_ticket_show_not_going":false,"_tribe_ticket_use_global_stock":"","_tribe_ticket_global_stock_level":"","_global_stock_mode":"","_global_stock_cap":"","_tribe_rsvp_for_event":"","_tribe_ticket_going_count":"","_tribe_ticket_not_going_count":"","_tribe_tickets_list":"[]","_tribe_ticket_has_attendee_info_fields":false,"footnotes":"","_tec_slr_enabled":"","_tec_slr_layout":""},"class_list":["post-901","page","type-page","status-publish","hentry"],"ticketed":false,"_links":{"self":[{"href":"https:\/\/amgrezieu.fr\/index.php?rest_route=\/wp\/v2\/pages\/901","targetHints":{"allow":["GET"]}}],"collection":[{"href":"https:\/\/amgrezieu.fr\/index.php?rest_route=\/wp\/v2\/pages"}],"about":[{"href":"https:\/\/amgrezieu.fr\/index.php?rest_route=\/wp\/v2\/types\/page"}],"author":[{"embeddable":true,"href":"https:\/\/amgrezieu.fr\/index.php?rest_route=\/wp\/v2\/users\/1"}],"replies":[{"embeddable":true,"href":"https:\/\/amgrezieu.fr\/index.php?rest_route=%2Fwp%2Fv2%2Fcomments&post=901"}],"version-history":[{"count":34,"href":"https:\/\/amgrezieu.fr\/index.php?rest_route=\/wp\/v2\/pages\/901\/revisions"}],"predecessor-version":[{"id":8235,"href":"https:\/\/amgrezieu.fr\/index.php?rest_route=\/wp\/v2\/pages\/901\/revisions\/8235"}],"up":[{"embeddable":true,"href":"https:\/\/amgrezieu.fr\/index.php?rest_route=\/wp\/v2\/pages\/57"}],"wp:attachment":[{"href":"https:\/\/amgrezieu.fr\/index.php?rest_route=%2Fwp%2Fv2%2Fmedia&parent=901"}],"curies":[{"name":"wp","href":"https:\/\/api.w.org\/{rel}","templated":true}]}}

<p style="text-align: left;"><img decoding="async" class="alignleft wp-image-7205 size-thumbnail" src="https://amgrezieu.fr/wp-content/uploads/2023/03/WhatsApp-Image-2023-03-10-at-13.35.11-9-150x150.jpeg" alt="" width="150" height="150" srcset="https://amgrezieu.fr/wp-content/uploads/2023/03/WhatsApp-Image-2023-03-10-at-13.35.11-9-150x150.jpeg 150w, https://amgrezieu.fr/wp-content/uploads/2023/03/WhatsApp-Image-2023-03-10-at-13.35.11-9-100x100.jpeg 100w" sizes="(max-width: 150px) 100vw, 150px" /><img decoding="async" class="wp-image-7354 size-thumbnail alignleft" src="https://amgrezieu.fr/wp-content/uploads/2023/06/IMG_20230524_133800-1-150x150.jpg" alt="" width="150" height="150" srcset="https://amgrezieu.fr/wp-content/uploads/2023/06/IMG_20230524_133800-1-150x150.jpg 150w, https://amgrezieu.fr/wp-content/uploads/2023/06/IMG_20230524_133800-1-100x100.jpg 100w" sizes="(max-width: 150px) 100vw, 150px" /></p>
<p style="text-align: left;"><em><strong>Les Ateliers de Dominique :</strong></em></p>
<p><span style="color: #ff6600;">&#8211;<strong>L’ EVEIL MUSICAL </strong></span>et ses 2 niveaux d’enseignement, pour découvrir la musique au travers de jeux musicaux et d&rsquo;une pratique active, où tout le corps est impliqué. Avec aussi la découverte des instruments, le développement de l’oreille, de la sensibilité musicale et de la voix.</p>
<p>Pour cela, Dominique vous propose donc deux ateliers le mercredi matin :</p>
<p style="text-align: left;"><span style="color: #ff6600;"><strong>L’ Atelier « Petites graines » de 4 à 5 ans (10h00 à 10h45) </strong></span></p>
<p style="text-align: left;"><span style="color: #ff6600;"><strong>L&rsquo; </strong><strong>Atelier « Jeunes pousses » de 6 à 7 ans ( 11h00  à 11h45 )</strong></span></p>
<p><span style="color: #0000ff;"><strong>-LA FORMATION MUSICALE  </strong>:</span> cet apprentissage est le compagnon de route du cours d’instrument. Initiation à la lecture de partition et aux différents paramètres musicaux. Travail de la pulsation et de l’oreille. Initiation à la pratique musicale collective.<br />
Pour cela, <strong>Dominique</strong> vous propose de le retrouver le mercredi après-midi pour <em><strong>suivre son programme de <a href="https://amgrezieu.fr/wp-content/uploads/2024/07/Formation-musicale.pdf"> Formation musicale</a><span style="font-family: Times New Roman; font-size: large;">   (cliquer sur le lien)</span></strong></em></p>
<p><strong><span style="color: #0000ff;">                L’Atelier « FM» à partir de 7/8 ans</span> : </strong></p>
<p><strong>                                                                                                FM 1 :  15H30-16H15</strong></p>
<p><strong>                                                                                                 FM 2 : 14H45-15H30</strong></p>
<p><strong>                                                                                                 FM 3 : 14H00-14H45</strong></p>
<p><strong>                                                                                                 FM 4 : 13H15-14H00</strong></p>
<p><em><strong>Dominique</strong></em> possède une longue expérience de l’enseignement de la musique, et notamment auprès des enfants et des adolescents. Il aime leur transmettre sa passion pour la musique, quel que soit leur profil !</p>
<h5 style="text-align: center;"><span style="color: #00ff00;"><strong>Séances variées &#8211; ambiance assurée !</strong></span></h5>

<p>Les Ateliers de Dominique : &#8211;L’ EVEIL MUSICAL et ses 2 niveaux d’enseignement, pour découvrir la musique au travers de jeux musicaux et d&rsquo;une pratique active, où tout le corps &hellip; </p>
<p class="link-more"><a href="https://amgrezieu.fr/?page_id=901" class="more-link">Continuer la lecture<span class="screen-reader-text"> de &laquo;&nbsp;Eveil et Formation Musicale&nbsp;&raquo;</span></a></p>
